illions digit of 93348777?
9
What is the units digit of 415723516?
6
What is the hundred thousands digit of 488424957?
4
What is the ten thousands digit of 217420849?
2
What is the millions digit of 1127352853?
7
What is the millions digit of 143001124?
3
What is the hundreds digit of 1076140?
1
What is the millions digit of 71107408?
1
What is the ten thousands digit of 42548032?
4
What is the hundreds digit of 65851917?
9
What is the hundred millions digit of 327041823?
3
What is the tens digit of 1298094829?
2
What is the millions digit of 92157037?
2
What is the ten millions digit of 395023978?
9
What is the millions digit of 78369461?
8
What is the hundreds digit of 63884312?
3
What is the tens digit of 158717024?
2
What is the billions digit of 1307810390?
1
What is the tens digit of 395017967?
6
What is the billions digit of 1352142625?
1
What is the thousands digit of 22850239?
0
What is the ten thousands digit of 675379654?
7
What is the tens digit of 716965825?
2
What is the ten millions digit of 30903619?
3
What is the hundreds digit of 927226199?
1
What is the thousands digit of 75598774?
8
What is the thousands digit of 130030565?
0
What is the hundreds digit of 107512085?
0
What is the hundred thousands digit of 6178769235?
7
What is the thousands digit of 233112003?
2
What is the thousands digit of 29523910?
3
What is the ten thousands digit of 666398042?
9
What is the hundred millions digit of 191121002?
1
What is the ten thousands digit of 19934216?
3
What is the hundred thousands digit of 219471060?
4
What is the tens digit of 1294247677?
7
What is the units digit of 2353771542?
2
What is the hundreds digit of 384691962?
9
What is the tens digit of 48241794?
9
What is the units digit of 240150033?
3
What is the hundreds digit of 1482204407?
4
What is the thousands digit of 40965874?
5
What is the thousands digit of 39395117?
5
What is the millions digit of 9013197?
9
What is the ten thousands digit of 20664016?
6
What is the hundreds digit of 485196976?
9
What is the hundred thousands digit of 271387130?
3
What is the hundred thousands digit of 7216035?
2
What is the millions digit of 829238795?
9
What is the units digit of 83291458?
8
What is the hundred thousands digit of 1691927328?
9
What is the thousands digit of 74055289?
5
What is the units digit of 2129784856?
6
What is the hundreds digit of 2622405485?
4
What is the ten millions digit of 172859778?
7
What is the tens digit of 89735538?
3
What is the ten millions digit of 4899429894?
9
What is the ten millions digit of 615255148?
1
What is the hundred millions digit of 102199301?
1
What is the hundred thousands digit of 3922910700?
9
What is the ten thousands digit of 74453188?
5
What is the hundred millions digit of 563308691?
5
What is the hundreds digit of 2684779147?
1
What is the thousands digit of 336446880?
6
What is the units digit of 323414574?
4
What is the ten millions digit of 14582157?
1
What is the hundreds digit of 454792636?
6
What is the ten thousands digit of 2006332?
0
What is the hundred thousands digit of 10908112?
9
What is the ten millions digit of 26126160?
2
What is the thousands digit of 123006467?
6
What is the ten thousands digit of 55084565?
8
What is the ten millions digit of 741908386?
4
What is the hundreds digit of 45611746?
7
What is the billions digit of 2553177384?
2
What is the units digit of 91786466?
6
What is the hundred thousands digit of 446322591?
3
What is the units digit of 1013547418?
8
What is the hundred thousands digit of 646834432?
8
What is the tens digit of 3658335700?
0
What is the ten millions digit of 396808772?
9
What is the thousands digit of 3199414289?
4
What is the thousands digit of 264450952?
0
What is the hundreds digit of 673651025?
0
What is the ten thousands digit of 22380294?
8
What is the units digit of 39105706?
6
What is the units digit of 108035731?
1
What is the ten thousands digit of 521560429?
6
What is the hundreds digit of 230284736?
7
What is the thousands digit of 67960487?
0
What is the hundred millions digit of 106443101?
1
What is the ten thousands digit of 79557965?
5
What is the ten thousands digit of 1196640921?
4
What is the tens digit of 78210541?
4
What is the tens digit of 1358844045?
4
What is the millions digit of 325954564?
5
What is the hundreds digit of 635684535?
5
What is the ten thousands digit of 308599129?
9
What is the ten thousands digit of 71813256?
1
What is the ten thousands digit of 29736743?
3
What is the hundred thousands digit of 370720022?
7
What is the millions digit of 1094870183?
4
What is the hundreds digit of 192146108?
1
What is the tens digit of 1540010760?
6
What is the thousands digit of 122699701?
9
What is the ten millions digit of 724447719?
2
What is the thousands digit of 1045840134?
0
What is the ten millions digit of 113724066?
1
What is the hundred thousands digit of 217282959?
2
What is the hundred thousands digit of 1228010514?
0
What is the millions digit of 202070372?
2
What is the ten millions digit of 3251631698?
5
What is the ten millions digit of 368881948?
6
What is the ten thousands digit of 66276755?
7
What is the ten millions digit of 224304368?
2
What is the hundred thousands digit of 705395723?
3
What is the billions digit of 1130845364?
1
What is the hundred millions digit of 2374781232?
3
What is the millions digit of 1183984203?
3
What is the hundreds digit of 1598273962?
9
What is the hundred thousands digit of 297451033?
4
What is the ten millions digit of 54378514?
5
What is the hundreds digit of 1806368855?
8
What is the hundred millions digit of 6228367497?
2
What is the hundred millions digit of 248498167?
2
What is the billions digit of 5849873770?
5
What is the billions digit of 2880347928?
2
What is the ten millions digit of 134918947?
3
What is the millions digit of 72357224?
2
What is the ten thousands digit of 3638247014?
4
What is the millions digit of 3436747305?
6
What is the ten thousands digit of 250716602?
1
What is the units digit of 129533529?
9
What is the millions digit of 596182766?
6
What is the hundreds digit of 1110675929?
9
What is the hundreds digit of 56147723?
7
What is the units digit of 203497119?
9
What is the hundred thousands digit of 277144243?
1
What is the ten thousands digit of 153178935?
7
What is the tens digit of 783128535?
3
What is the thousands digit of 89122297?
2
What is the ten millions digit of 460564708?
6
What is the thousands digit of 5280192776?
2
What is the ten millions digit of 477604106?
7
What is the thousands digit of 1203647094?
7
What is the billions digit of 1278473569?
1
What is the ten millions digit of 1077537850?
7
What is the tens digit of 5962608925?
2
What is the ten thousands digit of 3509955489?
5
What is the tens digit of 5458201191?
9
What is the hundred millions digit of 2545808822?
5
What is the hundred thousands digit of 228878929?
8
What is the units digit of 26265593?
3
What is the hundred thousands digit of 2699976641?
9
What is the tens digit of 82119350?
5
What is the units digit of 65004568?
8
What is the units digit of 557123494?
4
What is the tens digit of 6932701535?
3
What is the hundreds digit of 44547870?
8
What is the thousands digit of 2757766235?
6
What is the millions digit of 4244096633?
4
What is the hundreds digit of 84272918?
9
What is the tens digit of 96016576?
7
What is the tens digit of 736504366?
6
What is the hundred millions digit of 679420132?
6
What is the units digit of 248391652?
2
What is the thousands digit of 42923699?
3
What is the millions digit of 5925901841?
5
What is the units digit of 641940284?
4
What is the millions digit of 16806476?
6
What is the ten millions digit of 109823298?
0
What is the thousands digit of 5914770131?
0
What is the ten thousands digit of 130141387?
4
What is the tens digit of 9732642?
4
What is the hundred millions digit of 602241959?
6
What is the units digit of 2703745410?
0
What is the thousands digit of 23669175?
9
What is the ten thousands digit of 1323503591?
0
What is the units digit of 1055448662?
2
What is the hundred thousands digit of 37044193?
0
What is the thousands digit of 223639873?
9
What is the hundreds digit of 142377960?
9
What is the thousands digit of 130213908?
